of c and m?
11
Let r = -763 - -1153. Calculate the greatest common divisor of r and 90.
30
Let z = -22 - -22. Let j(i) = 3*i + 5. Let s be j(z). Suppose -5*t + 85 = s*a, 15 = 2*t - t - a. Calculate the greatest common divisor of t and 16.
16
Let z be (2/2)/(25 - 24). What is the greatest common factor of 4 and z?
1
Suppose 2*l + 1 - 9 = 0, 5*l + 15 = -5*u. Let y be ((-27)/7 - -3)*u. Let z = y - 1. What is the highest common factor of 45 and z?
5
Suppose 14*x - 13*x - 506 = 5*a, -3*a = x - 506. Calculate the highest common factor of x and 110.
22
Let j = -37 + 36. Let i be (-29 + -1 - j) + 0. Let y = -24 - i. What is the greatest common factor of y and 10?
5
Suppose 0 = -7*k + 4*k + 198. Let h(c) = -c**3 - 10*c**2 - 8*c - 58. Let s be h(-10). Calculate the highest common factor of k and s.
22
Let q = 115 + -108. Suppose 2*f + 40 = -2*f - 5*t, 12 = -4*f + 2*t. Let c be (-10)/(-1) - (f + q). What is the greatest common divisor of c and 2?
2
Let g = -10 - 6. Let w = g - -34. Suppose 3*u = 5*k + 3, 0*u - u + 18 = 4*k. Calculate the highest common factor of w and u.
6
Let x(n) = 47*n - 4. Suppose 3*u + u + 27 = 3*r, -r - 1 = 2*u. Suppose r*z - 5 = 5. Let w be x(z). Calculate the greatest common divisor of w and 60.
30
Let o(l) = 10*l - 36. Let p be o(5). Calculate the greatest common divisor of 56 and p.
14
Let r be (-5)/(3/207*-15). Calculate the highest common divisor of 253 and r.
23
Let h(r) = 23*r**2 - 2*r - 1. Let x be h(2). Let u(a) = a**3 - 10*a**2 - 14*a + 91. Let y be u(11). What is the greatest common divisor of x and y?
29
Let v = -6 + 6. Suppose -z + 80 = 4*z + 2*l, -2*z + 3*l + 51 = v. Let c = z - 4. What is the highest common divisor of 126 and c?
14
Let q = -156 - -180. Calculate the highest common factor of q and 18.
6
Let i be (-3 - 28/(-8))*0. Suppose 4*b - 3 - 21 = i. Let n(v) = v**2 - 4*v - 5. Let j be n(b). What is the highest common factor of 63 and j?
7
Let y(w) = w**3 - 7*w**2 + 8*w - 20. Let u be y(7). What is the greatest common divisor of u and 1116?
36
Let d(l) = l**3 + 35*l**2 + 95*l + 65. Let k be d(-29). Calculate the greatest common factor of 38 and k.
38
Suppose 5*d + 3589 = 4*r, -10*d + 3580 = 4*r - 6*d. Calculate the highest common factor of 14 and r.
14
Let g(z) = -z**2 - 8*z + 4. Let b be g(-7). Suppose -47 = -6*l + 79. Let x be 2085/l + 4/(-14). Calculate the highest common divisor of b and x.
11
Suppose -5*c + 0 = -5. Let p = -104 + 109. Suppose n = p*b + 5*n, -3*n + 1 = 4*b. Calculate the highest common divisor of b and c.
1
Let c be (1477 - (12 - 23))*2/6. What is the highest common factor of 32 and c?
16
Let g(s) = s**2 - 6*s + 3. Let l be g(4). Let o be -1 + 1 - (l - -1). Suppose 23 = 56*w - 201. Calculate the highest common factor of w and o.
4
Let p(s) = -913 - 6*s + 28*s + 913. Suppose -4*m - 4 = -b - 5*m, -5*b - 3*m + 20 = 0. Let z be p(b). Calculate the greatest common divisor of 11 and z.
11
Let k be (42/(-15) - -4)*5. Let y = 6 + k. Calculate the greatest common factor of y and 6.
6
Suppose 4*i - 3*v - 138 = 0, -2*v + 40 = -4*i + 5*i. Calculate the greatest common divisor of 4 and i.
4
Let h(c) = 3*c**2 - 5*c + 12. Let t be h(-12). Let g be -1 + -3 - -6 - -54. Calculate the greatest common divisor of t and g.
56
Suppose 584 = 49*v - 4. What is the greatest common divisor of 84 and v?
12
Let j be (4 - 224/35)/(9/(-1230)). Calculate the greatest common divisor of 205 and j.
41
Let d = -1669 + 1897. Calculate the highest common factor of d and 18.
6
Let d = -137 + 247. Suppose -5*z + 37 = -13. What is the greatest common factor of d and z?
10
Suppose -5*f - 3*h + 158 = 0, -2*f + 84 = -3*h + 4. Let b = f - 13. What is the highest common factor of 168 and b?
21
Let j be 52/(-195)*-3 + (-46)/(-5). Let m = -22 - -37. Let y be 504/10 - 6/m. Calculate the highest common divisor of j and y.
10
Let y(v) = 13*v**2 + 18. Let w be y(-6). What is the highest common divisor of w and 27?
27
Let w be ((-7)/(147/27))/(5*(-10)/350). Let p be (2 - 6/(-1)) + 1. Calculate the greatest common factor of p and w.
9
Let a be ((-4)/5)/(1*16/(-120)). Calculate the highest common factor of a and 354.
6
Let s(o) = o**3 + 2*o + 5. Let d be s(3). Calculate the greatest common divisor of 874 and d.
38
Let h(a) = a + 21. Let v be h(6). Calculate the greatest common factor of v and 72.
9
Let d(w) = w**2 + w + 6. Let b be d(12). Suppose x - b = -2*x. What is the greatest common divisor of x and 6?
6
Suppose -520 = 31*g - 44*g. Calculate the highest common factor of 24 and g.
8
Let s be ((-14)/(-21))/(2/3)*-15. Let j be (-33)/s - 2 - 58/(-10). Calculate the greatest common divisor of j and 4.
2
Suppose -3*p + 13 = -2, 4*h - 189 = -p. Calculate the greatest common factor of h and 437.
23
Let s(o) = -o**3 - 5*o**2 + o + 8. Suppose -5*r + 0*r = 25. Let k be s(r). Let u be 1215/5 + (0 - k). Calculate the greatest common factor of u and 30.
30
Let c = -15 - -51. Let j = c + -4. Suppose -240 = -8*y + 3*y. Calculate the greatest common divisor of y and j.
16
Let u(z) = -z**3 - 12*z**2 + 16*z + 44. Let a be u(-13). Suppose 2*x + 2*x - 44 = -4*b, -b - 7 = -a*x. Calculate the greatest common divisor of b and 32.
8
Let f(c) = c**2 + 10*c - 3. Let j be f(-6). Let o be (16/12)/((-2)/j). Let z = 12 - 6. What is the greatest common factor of o and z?
6
Suppose 725*m - 723*m = 414. What is the greatest common factor of 63 and m?
9
Suppose -2*a - 12 = -76. Let i be 2/(-11) - (966/(-77))/3. What is the greatest common divisor of a and i?
4
Let h(i) = 0 + i**2 - 2*i**3 + i + 7 + i**3. Let n be h(0). Let t = 382 + -333. Calculate the greatest common factor of n and t.
7
Suppose o + 6 = 4*o. Calculate the greatest common factor of o and 5.
1
Let k(i) = -9*i**3 - 1. Let x be k(-1). Let u be 116 + (2 - (10 - 4)). Suppose u = o + o. Calculate the greatest common factor of x and o.
8
Suppose -30*x - 7 = -2*z - 31*x, 2*z + 4*x - 4 = 0. What is the greatest common divisor of z and 32?
4
Let k = 28 + -21. Let s(d) = d**3 - 8*d**2 + 18*d - 8. Let u be s(6). What is the greatest common divisor of u and k?
7
Let g(y) = -3*y - 4. Let d(m) = -m**3 + m**2 - m + 2. Let x be d(0). Let v be (1*-1)/(x/10). Let s be g(v). What is the greatest common factor of s and 121?
11
Suppose 0 = 3*k - 10 - 5, -3*o = 3*k + 723. Let d = o - -458. Let p = d + -116. What is the greatest common divisor of 32 and p?
32
Suppose 10*j + 0 = 120. Let w be ((-64)/(-48))/(2/j). Calculate the highest common divisor of 6 and w.
2
Suppose -2*n + 5*n - 2*l - 94 = 0, -3*l + 12 = 0. What is the greatest common divisor of n and 17?
17
Let v(b) = 2*b**3 + 2*b**2 + 9*b + 2. Let y be v(4). What is the highest common factor of 22 and y?
22
Suppose -68 = -4*w - 3*q, 0 = q - 0*q + 4. Suppose -4*x + 12 = -8. Suppose 0*v - x*v = -50. What is the greatest common divisor of w and v?
10
Let u(c) = 24*c - 42. Let z(b) = 8*b - 14. Let l(t) = -3*u(t) + 8*z(t). Let s be l(-4). Calculate the highest common divisor of 184 and s.
46
Let c be (-25)/(-3) + ((-16)/3 - -5). Let z be (-10)/15 - (-68)/3. Let d = z - c. What is the highest common divisor of 35 and d?
7
Suppose -4*l - 1024 = -3*m - 2*l, 691 = 2*m - 3*l. What is the greatest common factor of m and 26?
26
Suppose 104 - 36 = -4*p. Let x(c) = -c**2 - 17*c + 31. Let u be x(p). Calculate the greatest common factor of 62 and u.
31
Let x be (8/(-10))/((-1)/(-15)). Let h be 4/(16/x) - -15. Suppose 3*j - 35 = s + 3, -h = -j + s. What is the greatest common factor of 52 and j?
13
Let a = -8 - 27. Suppose -5*k + 2*d + 48 = 0, -2*k + 24 + 0 = -2*d. Let z be (a/(-10))/(2/k). Calculate the greatest common divisor of 28 and z.
14
Suppose -18*g + 6485 - 365 = 0. What is the highest common factor of g and 306?
34
Let i be ((-8)/(-12))/(-2)*57. Let x = -14 - i. What is the highest common factor of 10 and x?
5
Let s = -263 - -277. Suppose -4*q + 10 = -10. Suppose 0 = q*u - 3*u - s. What is the greatest common factor of u and 1?
1
Let s be 2/(-3)*21/(-2). Let k = -76 + 71. Let l be 1 - -5 - (-5)/((-25)/k). Calculate the highest common divisor of s and l.
7
Suppose 108 = -5*u + m + 293, -u - 5*m + 37 = 0. Calculate the greatest common factor of 481 and u.
37
Let m be (-8 - 32/2)/(33/(-484)). Let u be 127/4 - (-2)/8. Calculate the highest common divisor of m and u.
32
Suppose -2*p